{"id":125,"date":"2019-02-04T02:47:35","date_gmt":"2019-02-03T23:47:35","guid":{"rendered":"http:\/\/nesayonetim.com\/demo\/?page_id=125"},"modified":"2019-02-09T11:36:04","modified_gmt":"2019-02-09T08:36:04","slug":"hakkimizda","status":"publish","type":"page","link":"https:\/\/nesayonetim.com\/index.php\/hakkimizda\/","title":{"rendered":"Hakk\u0131m\u0131zda"},"content":{"rendered":"<div class=\"wpb-content-wrapper\"><div id=\"tm-row-6a031f340147c\" class=\"vc_row vc_row-outer vc_row-fluid\"><div id=\"tm-column-6a031f34020bf\" class=\"wpb_column vc_column_container vc_col-sm-6\"><div class=\"vc_column-inner \"><div class=\"wpb_wrapper\">\n\t<div class=\"wpb_text_column wpb_content_element\" >\n\t\t<div class=\"wpb_wrapper\">\n\t\t\t\n\t<div  class=\"wpb_single_image wpb_content_element vc_align_left wpb_content_element\">\n\t\t\n\t\t<figure class=\"wpb_wrapper vc_figure\">\n\t\t\t<div class=\"vc_single_image-wrapper vc_box_border_circle  vc_box_border_grey\"><img loading=\"lazy\" decoding=\"async\" width=\"640\" height=\"360\" src=\"https:\/\/nesayonetim.com\/wp-content\/uploads\/2019\/02\/2016728112521.jpg\" class=\"vc_single_image-img attachment-large\" alt=\"\" title=\"2016728112521\" srcset=\"https:\/\/nesayonetim.com\/wp-content\/uploads\/2019\/02\/2016728112521.jpg 800w, https:\/\/nesayonetim.com\/wp-content\/uploads\/2019\/02\/2016728112521-600x338.jpg 600w, https:\/\/nesayonetim.com\/wp-content\/uploads\/2019\/02\/2016728112521-300x169.jpg 300w, https:\/\/nesayonetim.com\/wp-content\/uploads\/2019\/02\/2016728112521-768x432.jpg 768w\" sizes=\"auto, (max-width: 640px) 100vw, 640px\" \/><\/div>\n\t\t<\/figure>\n\t<\/div>\n\n\n\t\t<\/div>\n\t<\/div>\n<\/div><\/div><\/div><div id=\"tm-column-6a031f3403c01\" class=\"wpb_column vc_column_container vc_col-sm-6\"><div class=\"vc_column-inner \"><div class=\"wpb_wrapper\">\n\t<div class=\"wpb_text_column wpb_content_element\" >\n\t\t<div class=\"wpb_wrapper\">\n\t\t\t<p>Nesa profesyonel y\u00f6netim \u015firketi, kendi alan\u0131nda uzman, tecr\u00fcbeli kadrosu ve kat m\u00fclkiyeti kanuna hakim, alan\u0131nda e\u011fitim alm\u0131\u015f sertifikal\u0131 personelleri ile web tabanl\u0131 muhasebe hizmeti vermekte ve sakinlerimize internete ula\u015fabildi\u011fi her platformdan (Cep telefonunuzdan, bilgisayar\u0131n\u0131zdan, smart tvnizden, tabletinizden) ki\u015fisel \u015fifreleri ile 7\/24 finans durumunu, duyurular\u0131 ve anketleri takip edebilece\u011fi, i\u015f takibi olu\u015fturabilece\u011fi kesintisiz \u015feffaf y\u00f6netim hizmeti sunmaktad\u0131r.<\/p>\n<p>Genelde projelerde olu\u015fturulan y\u00f6netim bi\u00e7imi bina ve sitede kat sakini olan ki\u015filerin y\u00f6neticilik g\u00f6revini \u00fcstlenmesi ile birlikte ortak ya\u015fam alanlar\u0131nda belirli bir d\u00fczen sa\u011flanmaya \u00e7al\u0131\u015f\u0131lmaktad\u0131r fakat fikir ayr\u0131l\u0131klar\u0131n\u0131n d\u00fczene konulmas\u0131 konusunda tarafs\u0131z olarak kat m\u00fclkiyeti kanunu sorumlulu\u011fu gerektiren kurallar\u0131n uygulanmas\u0131 konusunda ba\u015far\u0131l\u0131 olunamamaktad\u0131r. Bu konuda NESA Bina ve Site y\u00f6netimi \u015firketi olarak hizmetlerimizi sunmakta olup ya\u015fam alanlar\u0131n\u0131za de\u011fer katmaktay\u0131z.<\/p>\n\n\t\t<\/div>\n\t<\/div>\n<\/div><\/div><\/div><\/div>\n<\/div>","protected":false},"excerpt":{"rendered":"Nesa profesyonel y\u00f6netim \u015firketi, kendi alan\u0131nda uzman, tecr\u00fcbeli kadrosu ve kat m\u00fclkiyeti kanuna hakim, alan\u0131nda e\u011fitim alm\u0131\u015f sertifikal\u0131 personelleri ile web tabanl\u0131 muhasebe hizmeti vermekte ve sakinlerimize internete ula\u015fabildi\u011fi her platformdan (Cep telefonunuzdan, bilgisayar\u0131n\u0131zdan, smart tvnizden, tabletinizden) ki\u015fisel \u015fifreleri ile 7\/24 finans durumunu, duyurular\u0131 ve anketleri takip edebilece\u011fi, i\u015f takibi olu\u015fturabilece\u011fi kesintisiz \u015feffaf y\u00f6netim hizmeti sunmaktad\u0131r. Genelde projelerde olu\u015fturulan y\u00f6netim bi\u00e7imi bina ve sitede kat sakini olan ki\u015filerin y\u00f6neticilik g\u00f6revini \u00fcstlenmesi ile birlikte ortak ya\u015fam alanlar\u0131nda belirli bir d\u00fczen sa\u011flanmaya \u00e7al\u0131\u015f\u0131lmaktad\u0131r fakat fikir ayr\u0131l\u0131klar\u0131n\u0131n d\u00fczene konulmas\u0131 konusunda tarafs\u0131z olarak kat m\u00fclkiyeti kanunu sorumlulu\u011fu gerektiren kurallar\u0131n uygulanmas\u0131 konusunda ba\u015far\u0131l\u0131 olunamamaktad\u0131r. Bu konuda NESA Bina ve Site y\u00f6netimi \u015firketi olarak hizmetlerimizi sunmakta olup ya\u015fam alanlar\u0131n\u0131za de\u011fer katmaktay\u0131z.","protected":false},"author":1,"featured_media":0,"parent":0,"menu_order":0,"comment_status":"closed","ping_status":"closed","template":"","meta":{"footnotes":""},"class_list":["post-125","page","type-page","status-publish","hentry"],"_links":{"self":[{"href":"https:\/\/nesayonetim.com\/index.php\/wp-json\/wp\/v2\/pages\/125","targetHints":{"allow":["GET"]}}],"collection":[{"href":"https:\/\/nesayonetim.com\/index.php\/wp-json\/wp\/v2\/pages"}],"about":[{"href":"https:\/\/nesayonetim.com\/index.php\/wp-json\/wp\/v2\/types\/page"}],"author":[{"embeddable":true,"href":"https:\/\/nesayonetim.com\/index.php\/wp-json\/wp\/v2\/users\/1"}],"replies":[{"embeddable":true,"href":"https:\/\/nesayonetim.com\/index.php\/wp-json\/wp\/v2\/comments?post=125"}],"version-history":[{"count":4,"href":"https:\/\/nesayonetim.com\/index.php\/wp-json\/wp\/v2\/pages\/125\/revisions"}],"predecessor-version":[{"id":4458,"href":"https:\/\/nesayonetim.com\/index.php\/wp-json\/wp\/v2\/pages\/125\/revisions\/4458"}],"wp:attachment":[{"href":"https:\/\/nesayonetim.com\/index.php\/wp-json\/wp\/v2\/media?parent=125"}],"curies":[{"name":"wp","href":"https:\/\/api.w.org\/{rel}","templated":true}]}}