{"id":4599,"date":"2019-11-04T22:56:16","date_gmt":"2019-11-04T19:56:16","guid":{"rendered":"http:\/\/nesayonetim.com\/?page_id=4599"},"modified":"2019-11-04T22:56:35","modified_gmt":"2019-11-04T19:56:35","slug":"umraniye-semsi-bey-is-hani","status":"publish","type":"page","link":"https:\/\/nesayonetim.com\/index.php\/umraniye-semsi-bey-is-hani\/","title":{"rendered":"\u00dcmraniye &#8211; \u015eemsi Bey \u0130\u015f Han\u0131"},"content":{"rendered":"<div class=\"wpb-content-wrapper\"><div id=\"tm-row-69f4e31cb9ec4\" class=\"vc_row vc_row-outer vc_row-fluid\"><div id=\"tm-column-69f4e31cbab2c\" class=\"wpb_column vc_column_container vc_col-sm-12\"><div class=\"vc_column-inner \"><div class=\"wpb_wrapper\"><div id=\"ts-vcsc-image-gallery-8615188\" class=\"ts-image-gallery-wrapper ts-lightbox-nacho-frame   \" data-style=\"grid\" data-break-parents=\"6\" data-inline=\"false\" style=\"margin-top: 0px; margin-bottom: 0px; position: relative;\"><div id=\"nachogroup8615188-title\" class=\"ts-lightbox-nacho-title\">\u00dcmraniye - \u015eem\u015fi Bey \u0130\u015f Han\u0131<\/div><div id=\"ts-vcsc-image-gallery-8615188-grid\" class=\"ts-lightbox-gallery-grid\"><a style=\"width: 20%; height: 100%; display: inline-block; margin: 0; padding: 0;; display: none;\" id=\"nachogroup8615188-0\" href=\"https:\/\/nesayonetim.com\/wp-content\/uploads\/2019\/11\/WhatsApp-Image-2019-10-28-at-19.16.10.jpeg\" target=\"_blank\" data-preview=\"https:\/\/nesayonetim.com\/wp-content\/uploads\/2019\/11\/WhatsApp-Image-2019-10-28-at-19.16.10-768x1024.jpeg\" data-thumbnail=\"https:\/\/nesayonetim.com\/wp-content\/uploads\/2019\/11\/WhatsApp-Image-2019-10-28-at-19.16.10-768x1024.jpeg\" data-include=\"true\" data-hover=\"\" data-alt=\"\" data-title=\"\" data-groups=\"\" class=\"nch-lightbox-media no-ajaxy ts-hover-image nachogroup8615188 nofancybox\" rel=\"nachogroup8615188\" data-effect=\"random\" data-nohashes=\"true\" data-usecors=\"global\" data-save=\"0\" data-share=\"0\" data-no-lazy=\"1\">#1<\/a><a style=\"width: 20%; height: 100%; display: inline-block; margin: 0; padding: 0;; display: none;\" id=\"nachogroup8615188-1\" href=\"https:\/\/nesayonetim.com\/wp-content\/uploads\/2019\/11\/WhatsApp-Image-2019-10-28-at-19.16.11.jpeg\" target=\"_blank\" data-preview=\"https:\/\/nesayonetim.com\/wp-content\/uploads\/2019\/11\/WhatsApp-Image-2019-10-28-at-19.16.11-768x1024.jpeg\" data-thumbnail=\"https:\/\/nesayonetim.com\/wp-content\/uploads\/2019\/11\/WhatsApp-Image-2019-10-28-at-19.16.11-768x1024.jpeg\" data-include=\"true\" data-hover=\"\" data-alt=\"\" data-title=\"\" data-groups=\"\" class=\"nch-lightbox-media no-ajaxy ts-hover-image nachogroup8615188 nofancybox\" rel=\"nachogroup8615188\" data-effect=\"random\" data-nohashes=\"true\" data-usecors=\"global\" data-save=\"0\" data-share=\"0\" data-no-lazy=\"1\">#2<\/a><a style=\"width: 20%; height: 100%; display: inline-block; margin: 0; padding: 0;; display: none;\" id=\"nachogroup8615188-2\" href=\"https:\/\/nesayonetim.com\/wp-content\/uploads\/2019\/11\/WhatsApp-Image-2019-10-28-at-19.16.11-1.jpeg\" target=\"_blank\" data-preview=\"https:\/\/nesayonetim.com\/wp-content\/uploads\/2019\/11\/WhatsApp-Image-2019-10-28-at-19.16.11-1-768x1024.jpeg\" data-thumbnail=\"https:\/\/nesayonetim.com\/wp-content\/uploads\/2019\/11\/WhatsApp-Image-2019-10-28-at-19.16.11-1-768x1024.jpeg\" data-include=\"true\" data-hover=\"\" data-alt=\"\" data-title=\"\" data-groups=\"\" class=\"nch-lightbox-media no-ajaxy ts-hover-image nachogroup8615188 nofancybox\" rel=\"nachogroup8615188\" data-effect=\"random\" data-nohashes=\"true\" data-usecors=\"global\" data-save=\"0\" data-share=\"0\" data-no-lazy=\"1\">#3<\/a><a style=\"width: 20%; height: 100%; display: inline-block; margin: 0; padding: 0;; display: none;\" id=\"nachogroup8615188-3\" href=\"https:\/\/nesayonetim.com\/wp-content\/uploads\/2019\/11\/WhatsApp-Image-2019-10-28-at-19.16.11-2.jpeg\" target=\"_blank\" data-preview=\"https:\/\/nesayonetim.com\/wp-content\/uploads\/2019\/11\/WhatsApp-Image-2019-10-28-at-19.16.11-2-768x1024.jpeg\" data-thumbnail=\"https:\/\/nesayonetim.com\/wp-content\/uploads\/2019\/11\/WhatsApp-Image-2019-10-28-at-19.16.11-2-768x1024.jpeg\" data-random=\"8615188\" data-include=\"true\" data-hover=\"\" data-alt=\"\" data-title=\"\" data-groups=\"\" class=\"nch-lightbox-media no-ajaxy ts-hover-image nachogroup8615188 nofancybox\" rel=\"nachogroup8615188\" data-effect=\"random\" data-usecors=\"global\" data-save=\"0\" data-share=\"0\" data-play=\"1\" data-autoplay=\"0\" data-duration=\"5000\" data-thumbsize=\"100\" data-thumbs=\"bottom\"  data-nohashes=\"true\" data-captions=\"true\" data-grid=\"240,480,720,960\" data-gridpreloader=\"false\" data-gridspace=\"2\" data-gridorder=\"false\" data-gridfilter=\"true\" data-gridavailable=\"Available Groups\" data-gridselected=\"Filtered Groups\" data-gridnogroups=\"No Groups\" data-gridtoggle=\"Toggle Filter\" data-gridtogglestyle=\"ts-color-button-belize-hole-flat\" data-gridshowall=\"Show All\" data-gridshowallstyle=\"ts-color-button-green-sea-flat\" data-no-lazy=\"1\">#4<\/a><\/div><\/div><\/div><\/div><\/div><\/div>\n<\/div>","protected":false},"excerpt":{"rendered":"\u00dcmraniye - \u015eem\u015fi Bey \u0130\u015f Han\u0131#1#2#3#4","protected":false},"author":1,"featured_media":0,"parent":0,"menu_order":0,"comment_status":"closed","ping_status":"closed","template":"","meta":{"footnotes":""},"class_list":["post-4599","page","type-page","status-publish","hentry"],"_links":{"self":[{"href":"https:\/\/nesayonetim.com\/index.php\/wp-json\/wp\/v2\/pages\/4599","targetHints":{"allow":["GET"]}}],"collection":[{"href":"https:\/\/nesayonetim.com\/index.php\/wp-json\/wp\/v2\/pages"}],"about":[{"href":"https:\/\/nesayonetim.com\/index.php\/wp-json\/wp\/v2\/types\/page"}],"author":[{"embeddable":true,"href":"https:\/\/nesayonetim.com\/index.php\/wp-json\/wp\/v2\/users\/1"}],"replies":[{"embeddable":true,"href":"https:\/\/nesayonetim.com\/index.php\/wp-json\/wp\/v2\/comments?post=4599"}],"version-history":[{"count":2,"href":"https:\/\/nesayonetim.com\/index.php\/wp-json\/wp\/v2\/pages\/4599\/revisions"}],"predecessor-version":[{"id":4605,"href":"https:\/\/nesayonetim.com\/index.php\/wp-json\/wp\/v2\/pages\/4599\/revisions\/4605"}],"wp:attachment":[{"href":"https:\/\/nesayonetim.com\/index.php\/wp-json\/wp\/v2\/media?parent=4599"}],"curies":[{"name":"wp","href":"https:\/\/api.w.org\/{rel}","templated":true}]}}