{"id":4731,"date":"2019-11-24T21:13:45","date_gmt":"2019-11-24T18:13:45","guid":{"rendered":"https:\/\/nesayonetim.com\/?page_id=4731"},"modified":"2019-11-24T21:32:46","modified_gmt":"2019-11-24T18:32:46","slug":"emlak-haberleri","status":"publish","type":"page","link":"https:\/\/nesayonetim.com\/index.php\/emlak-gayrimenkul\/emlak-haberleri\/","title":{"rendered":"Emlak Haberleri"},"content":{"rendered":"<div class=\"wpb-content-wrapper\"><div id=\"tm-row-69f7106674058\" class=\"vc_row vc_row-outer vc_row-fluid\"><div id=\"tm-column-69f7106674b22\" class=\"wpb_column vc_column_container vc_col-sm-12\"><div class=\"vc_column-inner \"><div class=\"wpb_wrapper\"><div class=\"tm-spacer\" id=\"tm-spacer-69f7106674c8c\"><\/div>\n\n\t<div class=\"wpb_text_column wpb_content_element\" >\n\t\t<div class=\"wpb_wrapper\">\n\t\t\t<h3 style=\"text-align: center;\">Emlak Haberleri<\/h3>\n<div id=\"gtx-trans\" style=\"position: absolute; left: 228px; top: -18px;\">\n<div class=\"gtx-trans-icon\"><\/div>\n<\/div>\n\n\t\t<\/div>\n\t<\/div>\n<div class=\"tm-spacer\" id=\"tm-spacer-69f71066751fa\"><\/div>\n\n\t<div class=\"tm-grid-wrapper tm-blog  style-grid_classic_05\" id=\"tm-blog-69f7106675346\"\n\t\t\n\t\t\n\t\t data-filter-type=\"static\"\n\t>\n\t\t\n\t\t\n\t\t<input type=\"hidden\" class=\"tm-grid-query\" value=\"{&quot;post_type&quot;:&quot;post&quot;,&quot;posts_per_page&quot;:&quot;9&quot;,&quot;orderby&quot;:&quot;date&quot;,&quot;order&quot;:&quot;DESC&quot;,&quot;paged&quot;:1,&quot;post_status&quot;:&quot;publish&quot;,&quot;post__not_in&quot;:[],&quot;action&quot;:&quot;post_infinite_load&quot;,&quot;max_num_pages&quot;:1,&quot;found_posts&quot;:4,&quot;taxonomies&quot;:&quot;&quot;,&quot;style&quot;:&quot;grid_classic_05&quot;,&quot;pagination&quot;:&quot;&quot;,&quot;count&quot;:4,&quot;metro_layout&quot;:&quot;%5B%7B%22size%22%3A%222%3A2%22%7D%2C%7B%22size%22%3A%221%3A1%22%7D%2C%7B%22size%22%3A%221%3A1%22%7D%2C%7B%22size%22%3A%222%3A2%22%7D%2C%7B%22size%22%3A%221%3A1%22%7D%2C%7B%22size%22%3A%221%3A1%22%7D%5D&quot;}\"\/>\n\n\t\t\n\t\t\t\t<div class=\"tm-grid modern-grid has-animation move-up\"\n\t\t\t\t\t\t\t\t\t>\n\t\t\t\t\t\t<div class=\"post-item grid-item post-4714 post type-post status-publish format-standard has-post-thumbnail hentry category-emlak-haberleri\">\n\n\t\t<div class=\"post-item-wrap\">\n\n\n\t\t\t<div class=\"post-feature-wrap\">\n\t\t\t\t\t\t\t\t\t<a href=\"https:\/\/nesayonetim.com\/index.php\/2019\/11\/24\/nevsehirde-kullanilmayan-binalar-yikiliyor\/\">\n\t\t\t\t\t\t<div class=\"post-feature post-thumbnail\">\n\t\t\t\t\t\t\t<img decoding=\"async\" src=\"https:\/\/nesayonetim.com\/wp-content\/uploads\/2019\/11\/MzI4MjM4ND-nevsehirde-kullanilmayan-binalar-yikiliyor-370x250.jpg\" alt=\"Nev\u015fehir\u2019de kullan\u0131lmayan binalar y\u0131k\u0131l\u0131yor!\" \/>\t\t\t\t\t\t<\/div>\n\t\t\t\t\t<\/a>\n\t\t\t\t\n\t\t\t\t\t\t\t\t\t<div class=\"post-categories\">\n\t\t\t\t\t\t<a href=\"https:\/\/nesayonetim.com\/index.php\/category\/emlak-haberleri\/\" rel=\"category tag\">Emlak Haberleri<\/a>\t\t\t\t\t<\/div>\n\t\t\t\t\n\t\t\t<\/div>\n\n\n\t\t\t<div class=\"post-info\">\n\t\t\t\t<div class=\"post-date\">\n\t\t\t\t\t<span class=\"ion-clock\"><\/span>\n\t\t\t\t\tKas 24, 2019\t\t\t\t<\/div>\n\n\t\t\t\t<h3 class=\"post-title\">\n\t<a href=\"https:\/\/nesayonetim.com\/index.php\/2019\/11\/24\/nevsehirde-kullanilmayan-binalar-yikiliyor\/\">Nev\u015fehir\u2019de kullan\u0131lmayan binalar y\u0131k\u0131l\u0131yor!<\/a>\n<\/h3>\n\n\t\t\t\t<div class=\"post-excerpt\">\n\t\t\t\t\t<p>Nev\u015fehir\u2019de, vatanda\u015flar\u0131n can g\u00fcvenli\u011fini tehdit etmesiyle, kentin esteti\u011fine zarar veren &hellip;<\/p>\t\t\t\t<\/div>\n\t\t\t<\/div>\n\t\t<\/div>\n\n\t<\/div>\n\t<div class=\"post-item grid-item post-4711 post type-post status-publish format-standard has-post-thumbnail hentry category-emlak-haberleri\">\n\n\t\t<div class=\"post-item-wrap\">\n\n\n\t\t\t<div class=\"post-feature-wrap\">\n\t\t\t\t\t\t\t\t\t<a href=\"https:\/\/nesayonetim.com\/index.php\/2019\/11\/24\/evini-kiraya-verenler-dikkat\/\">\n\t\t\t\t\t\t<div class=\"post-feature post-thumbnail\">\n\t\t\t\t\t\t\t<img decoding=\"async\" src=\"https:\/\/nesayonetim.com\/wp-content\/uploads\/2019\/11\/MTM4ODA4Mj-evini-kiraya-verenler-dikkat-370x250.jpg\" alt=\"Evini kiraya verenler dikkat!\" \/>\t\t\t\t\t\t<\/div>\n\t\t\t\t\t<\/a>\n\t\t\t\t\n\t\t\t\t\t\t\t\t\t<div class=\"post-categories\">\n\t\t\t\t\t\t<a href=\"https:\/\/nesayonetim.com\/index.php\/category\/emlak-haberleri\/\" rel=\"category tag\">Emlak Haberleri<\/a>\t\t\t\t\t<\/div>\n\t\t\t\t\n\t\t\t<\/div>\n\n\n\t\t\t<div class=\"post-info\">\n\t\t\t\t<div class=\"post-date\">\n\t\t\t\t\t<span class=\"ion-clock\"><\/span>\n\t\t\t\t\tKas 24, 2019\t\t\t\t<\/div>\n\n\t\t\t\t<h3 class=\"post-title\">\n\t<a href=\"https:\/\/nesayonetim.com\/index.php\/2019\/11\/24\/evini-kiraya-verenler-dikkat\/\">Evini kiraya verenler dikkat!<\/a>\n<\/h3>\n\n\t\t\t\t<div class=\"post-excerpt\">\n\t\t\t\t\t<p>D\u00fczensiz yabanc\u0131 g\u00f6\u00e7menlerin kontrol\u00fc i\u00e7in \u00e7ok kritik bir ad\u0131m daha &hellip;<\/p>\t\t\t\t<\/div>\n\t\t\t<\/div>\n\t\t<\/div>\n\n\t<\/div>\n\t<div class=\"post-item grid-item post-4708 post type-post status-publish format-standard has-post-thumbnail hentry category-emlak-haberleri\">\n\n\t\t<div class=\"post-item-wrap\">\n\n\n\t\t\t<div class=\"post-feature-wrap\">\n\t\t\t\t\t\t\t\t\t<a href=\"https:\/\/nesayonetim.com\/index.php\/2019\/11\/24\/etiler-polis-okulu-arazisinin-planlari-iptal\/\">\n\t\t\t\t\t\t<div class=\"post-feature post-thumbnail\">\n\t\t\t\t\t\t\t<img decoding=\"async\" src=\"https:\/\/nesayonetim.com\/wp-content\/uploads\/2019\/11\/MzY5Mjk1MT-etiler-polis-okulu-arazisinin-planlari-iptal-370x250.jpg\" alt=\"Etiler Polis Okulu arazisinin planlar\u0131 iptal!\" \/>\t\t\t\t\t\t<\/div>\n\t\t\t\t\t<\/a>\n\t\t\t\t\n\t\t\t\t\t\t\t\t\t<div class=\"post-categories\">\n\t\t\t\t\t\t<a href=\"https:\/\/nesayonetim.com\/index.php\/category\/emlak-haberleri\/\" rel=\"category tag\">Emlak Haberleri<\/a>\t\t\t\t\t<\/div>\n\t\t\t\t\n\t\t\t<\/div>\n\n\n\t\t\t<div class=\"post-info\">\n\t\t\t\t<div class=\"post-date\">\n\t\t\t\t\t<span class=\"ion-clock\"><\/span>\n\t\t\t\t\tKas 24, 2019\t\t\t\t<\/div>\n\n\t\t\t\t<h3 class=\"post-title\">\n\t<a href=\"https:\/\/nesayonetim.com\/index.php\/2019\/11\/24\/etiler-polis-okulu-arazisinin-planlari-iptal\/\">Etiler Polis Okulu arazisinin planlar\u0131 iptal!<\/a>\n<\/h3>\n\n\t\t\t\t<div class=\"post-excerpt\">\n\t\t\t\t\t<p>\u0130stanbul Be\u015fikta\u015f\u2019ta yer alan eski Etiler Polis Meslek Y\u00fcksekokulu arazisine &hellip;<\/p>\t\t\t\t<\/div>\n\t\t\t<\/div>\n\t\t<\/div>\n\n\t<\/div>\n\t<div class=\"post-item grid-item post-4705 post type-post status-publish format-standard has-post-thumbnail hentry category-emlak-haberleri\">\n\n\t\t<div class=\"post-item-wrap\">\n\n\n\t\t\t<div class=\"post-feature-wrap\">\n\t\t\t\t\t\t\t\t\t<a href=\"https:\/\/nesayonetim.com\/index.php\/2019\/11\/24\/maketten-konut-satisina-meclis-takibi\/\">\n\t\t\t\t\t\t<div class=\"post-feature post-thumbnail\">\n\t\t\t\t\t\t\t<img decoding=\"async\" src=\"https:\/\/nesayonetim.com\/wp-content\/uploads\/2019\/11\/ODQ3MTE1Mj-maketten-konut-satisina-meclis-takibi-370x250.jpg\" alt=\"Maketten konut sat\u0131\u015f\u0131na Meclis takibi!\" \/>\t\t\t\t\t\t<\/div>\n\t\t\t\t\t<\/a>\n\t\t\t\t\n\t\t\t\t\t\t\t\t\t<div class=\"post-categories\">\n\t\t\t\t\t\t<a href=\"https:\/\/nesayonetim.com\/index.php\/category\/emlak-haberleri\/\" rel=\"category tag\">Emlak Haberleri<\/a>\t\t\t\t\t<\/div>\n\t\t\t\t\n\t\t\t<\/div>\n\n\n\t\t\t<div class=\"post-info\">\n\t\t\t\t<div class=\"post-date\">\n\t\t\t\t\t<span class=\"ion-clock\"><\/span>\n\t\t\t\t\tKas 24, 2019\t\t\t\t<\/div>\n\n\t\t\t\t<h3 class=\"post-title\">\n\t<a href=\"https:\/\/nesayonetim.com\/index.php\/2019\/11\/24\/maketten-konut-satisina-meclis-takibi\/\">Maketten konut sat\u0131\u015f\u0131na Meclis takibi!<\/a>\n<\/h3>\n\n\t\t\t\t<div class=\"post-excerpt\">\n\t\t\t\t\t<p>Meclis, devrem\u00fclk ve devre tatilden sonra maketten konut sat\u0131\u015f\u0131yla ilgili &hellip;<\/p>\t\t\t\t<\/div>\n\t\t\t<\/div>\n\t\t<\/div>\n\n\t<\/div>\n\t\t\t\t<\/div>\n\n\t\t\t\t\n\t\t\n\t<\/div>\n<\/div><\/div><\/div><\/div>\n<\/div>","protected":false},"excerpt":{"rendered":"Meclis, devrem\u00fclk ve devre tatilden sonra maketten konut sat\u0131\u015f\u0131yla ilgili \u015fikayetler i\u00e7in alt komisyon kurdu. TBBM, devrem\u00fclk ve devre tatilden sonra maketten sat\u0131\u015f \u015fikayetleriyle ilgili \u00e7al\u0131\u015fmalara ba\u015flad\u0131. H\u00fcrriyet Gazetesi'nden Turan Y\u0131lmaz'\u0131n haberine g\u00f6re; Dilek\u00e7e Komisyonu, maketten sat\u0131\u015f \u015fikayetlerini incelemek \u00fczere alt komisyon kurdu. Dilek\u00e7e Komisyonu Ba\u015fkan\u0131 Mihrimah Belma Sat\u0131r, \u201cT\u00fcrkiye\u2019de ve d\u00fcnyada \u00e7ok \u00f6nemli i\u015flere imza atan in\u015faat firmalar\u0131m\u0131z var ama disipline edilmemi\u015f bir tak\u0131m firmalar vatanda\u015f\u0131n iyi niyetinden, mevzuat\u0131n eksik uygulanmas\u0131ndan istifade ederek ma\u011fduriyetlere sebep oluyorlar\u201d diye konu\u015ftu. Maketten sat\u0131\u015flar hakk\u0131nda bin 959 imzal\u0131 360 \u015fikayet dilek\u00e7esi, komisyona ula\u015ft\u0131. Dilek\u00e7e verenler aras\u0131nda iktidar ve muhalefetten milletvekilleri bulundu. Maketten sat\u0131\u015flarla ilgili \u015fikayetler \u00f6zetle \u015fu \u015fekilde anlat\u0131ld\u0131: \u201c\u00d6n \u00f6demeli sat\u0131\u015f s\u00f6zle\u015fmesiyle maketten sat\u0131\u015f\u0131 yap\u0131lan gayrimenkullere ili\u015fkin geni\u015f, kapsaml\u0131 sorunlar ya\u015fand\u0131\u011f\u0131, s\u00f6zle\u015fme konusu gayrimenkullerin ya hi\u00e7 ya da gere\u011fi gibi teslim edilmedi\u011fi, har\u00e7lar ve benzeri kamusal y\u00fck\u00fcml\u00fcl\u00fcklerin maliyetinin y\u00fcksek olmas\u0131 nedeniyle t\u00fcketicilerin resm\u00ee \u015fekil \u015fartlar\u0131na uygun s\u00f6zle\u015fme d\u00fczenlenmesinden feragat etti\u011fi ya da buna y\u00f6nlendirildi\u011fi, teminat sa\u011flama y\u00fck\u00fcml\u00fcl\u00fc\u011f\u00fcn\u00fcn \u015firketlerce yerine getirilmedi\u011fi, m\u00fckerrer sat\u0131\u015flar\u0131n ya\u015fand\u0131\u011f\u0131, ba\u011fl\u0131 kredi kullan\u0131m\u0131 nedeniyle tapular\u0131n ipotekli oldu\u011fu g\u00f6r\u00fclm\u00fc\u015ft\u00fcr.\u201d","protected":false},"author":1,"featured_media":0,"parent":4572,"menu_order":0,"comment_status":"closed","ping_status":"closed","template":"","meta":{"footnotes":""},"class_list":["post-4731","page","type-page","status-publish","hentry"],"_links":{"self":[{"href":"https:\/\/nesayonetim.com\/index.php\/wp-json\/wp\/v2\/pages\/4731","targetHints":{"allow":["GET"]}}],"collection":[{"href":"https:\/\/nesayonetim.com\/index.php\/wp-json\/wp\/v2\/pages"}],"about":[{"href":"https:\/\/nesayonetim.com\/index.php\/wp-json\/wp\/v2\/types\/page"}],"author":[{"embeddable":true,"href":"https:\/\/nesayonetim.com\/index.php\/wp-json\/wp\/v2\/users\/1"}],"replies":[{"embeddable":true,"href":"https:\/\/nesayonetim.com\/index.php\/wp-json\/wp\/v2\/comments?post=4731"}],"version-history":[{"count":1,"href":"https:\/\/nesayonetim.com\/index.php\/wp-json\/wp\/v2\/pages\/4731\/revisions"}],"predecessor-version":[{"id":4732,"href":"https:\/\/nesayonetim.com\/index.php\/wp-json\/wp\/v2\/pages\/4731\/revisions\/4732"}],"up":[{"embeddable":true,"href":"https:\/\/nesayonetim.com\/index.php\/wp-json\/wp\/v2\/pages\/4572"}],"wp:attachment":[{"href":"https:\/\/nesayonetim.com\/index.php\/wp-json\/wp\/v2\/media?parent=4731"}],"curies":[{"name":"wp","href":"https:\/\/api.w.org\/{rel}","templated":true}]}}